-8). Let b = -15 + h. Let p be (10/8)/((-1)/(-8)) - (-815 - -819). Calculate the highest common divisor of b and p.
6
Suppose -3*y - 3*w = -51, -8*w + 3*w = -3*y + 35. Calculate the highest common factor of 3 and y.
3
Let v be (-1 - -7)*84/18. Let k = v + 57. Calculate the greatest common divisor of k and 34.
17
Let s(z) = -2*z + 3. Let l be s(-12). Let k be 7/(-14)*4*-1. Let m be 8/k*(-6)/(-8). What is the greatest common factor of m and l?
3
Let l be 15*(-2)/((-2)/1). Let a be (1 - 2)*(4 - -6). Let u = l + a. What is the greatest common divisor of 15 and u?
5
Let w be 32/(-80) + (3/(-5))/1. Let d(f) = f + 1. Let l be d(-2). Let b be 27 + (0/w)/l. Calculate the greatest common factor of b and 216.
27
Let v(z) = -23*z + 116. Let d be v(5). Calculate the highest common divisor of 19 and d.
1
Let p be 13 + (2 - 1) + -2. Let q(n) = n**3 - 6*n**2 + 8*n + 2. Let f be q(6). Let i = -44 + f. Calculate the greatest common divisor of p and i.
6
Let o = 175 + -91. Let p(w) = 5*w - 66. Let g be p(16). What is the greatest common divisor of o and g?
14
Let v be (-170)/(-4) - (-3)/(-6). Suppose -5*p + 43 = -v. Let j = 543 + -424. Calculate the greatest common factor of j and p.
17
Suppose -3*u = -4*o + 8, 4*u = -0*u. Suppose 0 = o*n - 24 + 2. Suppose 2*c = -x + 68 + 23, 0 = 2*c - 2*x - 82. Calculate the highest common factor of c and n.
11
Suppose b + 46 = -b. Let n = b + 32. Let z(m) = 2*m - 9. Let t be z(n). Calculate the highest common divisor of t and 6.
3
Suppose -2*b + 1512 = 4*h, -b - 17*h + 22*h + 770 = 0. What is the highest common factor of 40 and b?
40
Suppose n - 7 = m - 4*m, 3*m - 3*n = 3. Let r be (m + -3)*-1 - 4. Let z be (-163)/(-2) - r/(-6). What is the highest common divisor of z and 27?
27
Let o(x) = -44*x + 186. Let b be o(4). Calculate the highest common factor of 415 and b.
5
Suppose 0 = -2*y + 18 + 4. Let u be (3 - 0)/((-2)/(-22)). What is the greatest common factor of y and u?
11
Suppose -5*q + 5*g = 9*g - 76, 20 = q + 2*g. Suppose -q*j = -3*j - 684. Calculate the greatest common divisor of j and 190.
38
Let y(m) = m**3 - 16*m**2 + 17*m. Let o be y(15). Let u = -117 + 167. What is the highest common divisor of u and o?
10
Suppose -5*r - 140 = -0. Let k be r/(-4)*(0 + -1). Let i = k + 10. Calculate the greatest common divisor of i and 21.
3
Let z be 2450/6 - 21/63. Calculate the greatest common factor of 51 and z.
51
Let x(w) = 4*w - 31. Let s be x(10). Let i(k) = -k**2 + 11*k + 2. Let o be i(s). Calculate the highest common divisor of 60 and o.
20
Let m = 199 + -169. Calculate the highest common factor of m and 195.
15
Let w = 30 + -18. Calculate the highest common divisor of 300 and w.
12
Let x be 4/34 - 300/(-51). Calculate the greatest common factor of x and 114.
6
Suppose 0 = -0*a + 13*a - 312. What is the highest common factor of 102 and a?
6
Let s be 232/40 - (-2)/10. What is the highest common divisor of 258 and s?
6
Let z(f) be the second derivative of 3*f + 0 + 1/2*f**2 + 19/20*f**5 + 0*f**4 - 1/3*f**3. Let n be z(1). Calculate the greatest common factor of n and 3.
3
Let l = 282 + -266. Calculate the highest common divisor of 136 and l.
8
Suppose 4*s + 3*o = 829, -4*s + 591 + 240 = o. Calculate the highest common factor of 104 and s.
104
Suppose 18*j - 14*j - 112 = 0. Suppose a - 182 + j = 0. What is the greatest common factor of 22 and a?
22
Let w(m) = m - 4. Let j be w(8). Let i be (-3324)/(-60) - j/10. Calculate the greatest common divisor of 385 and i.
55
Suppose -2*y - 84 = -3*g + y, 5*g + 5*y = 100. Let f = 1411 + -1363. What is the highest common divisor of f and g?
24
Suppose -2*u - c + 13 = 0, 4*c = 5*u - 0*c - 52. Suppose -2 = 5*m + u. Let q be m - (0 + -3) - -6. Calculate the greatest common divisor of 42 and q.
7
Let t be ((-8)/16)/(8/(-16416)). Calculate the highest common factor of t and 38.
38
Let j = -7 + 18. Suppose 0 = -2*h + j - 5. Let x be 30 + (-1 - (h - 1)). Calculate the highest common divisor of x and 81.
27
Let g(u) = -113*u - 6. Let b be g(6). Let l be (b/30)/((-6)/15). What is the highest common divisor of l and 19?
19
Let c(b) = b**2 - 9*b - 20. Suppose -3*g = -16 - 26. Let j be c(g). Calculate the greatest common factor of j and 75.
25
Let n = 143 + 41. Calculate the greatest common factor of n and 46.
46
Let i(q) be the second derivative of 3*q - 1/3*q**3 + 1/20*q**5 + 0 + 5/12*q**4 - 3/2*q**2. Let m be i(-5). What is the highest common divisor of 35 and m?
7
Let w = 10 + -12. Let l(z) = -4*z**3 - 2*z**2 + z + 1. Let p be l(w). Let r = p - -11. What is the highest common divisor of 51 and r?
17
Suppose -g + 359 - 333 = 0. Calculate the highest common divisor of 65 and g.
13
Let k = 34 - 14. Let u be 15/150 + 399/10. Calculate the highest common divisor of u and k.
20
Let t be 1/3 + (1040/6)/8. Let z = t - -8. What is the highest common factor of z and 40?
10
Let u(v) = v**3 + v**2 + v + 17. Let m be u(0). Suppose -4*y - 3 = -3*c - m, -c + 12 = 2*y. Let s be 2 - -21*2/3. What is the highest common divisor of s and c?
2
Suppose 45*j - 41*j = 16. Suppose -z + 136 = j*l + 3*z, 0 = -l + 4*z + 29. Calculate the highest common divisor of l and 22.
11
Let m = -9 + 6. Let n be m + 4 - -4*5. Suppose 13*a + 77*a - 1890 = 0. What is the greatest common divisor of n and a?
21
Let h = -553 + 555. Let y be (2/(-3))/((-3)/9). Calculate the highest common divisor of h and y.
2
Let g(c) be the second derivative of -5*c**3/6 + 4*c**2 + 11*c. Let a be g(-2). Calculate the highest common divisor of 9 and a.
9
Let s = -1720 + 1732. Suppose -7 = -5*t + 3. Suppose -i + 56 = -4*d, 8 = t*i + 3*d - 49. What is the greatest common divisor of s and i?
12
Suppose 3*a - 30 = -3*w, -3*a + 19*w = 20*w - 22. Calculate the greatest common factor of 318 and a.
6
Suppose -y = -2*n - 3, 5*n + 3 = 2*y - 3. Suppose 5*s - f - 27 = 0, 5*f - 4*f + 15 = y*s. Let z be 108/8*s/9. Calculate the greatest common factor of 9 and z.
9
Let y be 22 - (4 - (0 - -2)). Let f = -12 - -42. What is the greatest common divisor of y and f?
10
Suppose 3*j = -j + 20, 3*c + j - 2930 = 0. Calculate the greatest common divisor of c and 75.
75
Let f be 1820/6*(-39)/(-26). Let q = -19 - -27. Suppose -q*a = -a - f. Calculate the greatest common factor of 13 and a.
13
Let y be (64 - 0) + (-2 - -2). Suppose 0 = -5*h - 24 - 21. Let f be (1 - 61/h) + 28/126. Calculate the greatest common divisor of y and f.
8
Let t be 3/(-72)*-207 + 9/24. What is the highest common factor of 21 and t?
3
Suppose 3*o = -6*o + 36. Let f be (0 - -7) + -3 + o. What is the highest common factor of f and 72?
8
Let o(m) = -35*m - 60. Let y(t) = -7*t - 12. Let r(q) = -2*o(q) + 11*y(q). Let x be r(-2). Calculate the greatest common divisor of x and 16.
2
Suppose -7*r - 392 = -14*r. What is the greatest common divisor of 49 and r?
7
Let x(q) = -3*q - 12. Let c be x(-6). Let g(f) = -3*f**3 - 2*f**2 + f - 2. Let w be g(-2). What is the highest common factor of c and w?
6
Let p(s) = 131*s - 516. Let n be p(4). What is the greatest common factor of 24 and n?
8
Let v be (947/(-7) + 5)/((-1)/14). Calculate the highest common factor of 32 and v.
32
Suppose 0 = 11*u + 189 - 299. What is the highest common divisor of 210 and u?
10
Let a(l) be the first derivative of 27*l**3 + 12. Let v be a(-1). Suppose 15 = 4*r - 21. What is the highest common divisor of v and r?
9
Suppose 3*u - 11 = -2*p, p + 0*p = -5*u + 16. Suppose -4*z = -3*v - 39, -5*z + 4*v - 24 = -6*z. What is the greatest common divisor of u and z?
3
Let r(v) = -7*v + 47. Let q be r(5). What is the greatest common factor of 348 and q?
12
Suppose 0 = -5*z + 66*m - 68*m + 2082, 3*m - 2083 = -5*z. Calculate the greatest common factor of 156 and z.
52
Let a(t) = -2*t**3 - 17*t**2 + 21*t - 53. Let n be a(-12). Calculate the greatest common divisor of 37 and n.
37
Let g be 2 - ((-11 - -5 - -1) + -200). What is the highest common factor of g and 92?
23
Let o(s) = -42*s + 1. Let a be o(-1). Let d = 65 - a. What is the greatest common factor of d and 198?
22
Let w = -239 - -431. Let c = -63 + 58. Let d be (-315)/(-14) + (30/(-4))/c. Calculate the highest common factor of w and d.
24
Let p = 36 + 66. Suppose 10*i - 52 = 8. Calculate the highest common factor of i and p.
6
Let r(x) be the second derivative of -4*x**3/3 + x. Let g be r(-3). Let o = 